{"id":135,"date":"2026-09-02T10:00:22","date_gmt":"2026-09-02T10:00:22","guid":{"rendered":"https:\/\/wirsingverein.de\/?page_id=135"},"modified":"2026-09-02T10:10:44","modified_gmt":"2026-09-02T10:10:44","slug":"vereinsgeschichte","status":"publish","type":"page","link":"https:\/\/wirsingverein.de\/?page_id=135","title":{"rendered":"Vereinsgeschichte"},"content":{"rendered":"\n<figure class=\"wp-block-gallery has-nested-images columns-default is-cropped wp-block-gallery-1 is-layout-flex wp-block-gallery-is-layout-flex\">\n<figure class=\"wp-block-image size-large is-resized\"><img loading=\"lazy\" decoding=\"async\" width=\"110\" height=\"157\" data-id=\"98\" src=\"https:\/\/wirsingverein.de\/wp-content\/uploads\/2026\/08\/wimpel-wv-2_3.jpg\" alt=\"\" class=\"wp-image-98\" style=\"width:200px;height:auto\"\/><figcaption class=\"wp-element-caption\">Vereinigung der Beamten und Angestellten der Stadtwerke Bielefeld<\/figcaption><\/figure>\n\n\n\n<figure class=\"wp-block-image size-large is-resized\"><img loading=\"lazy\" decoding=\"async\" width=\"110\" height=\"157\" data-id=\"100\" src=\"https:\/\/wirsingverein.de\/wp-content\/uploads\/2026\/08\/wimpel-wv-3_1.jpg\" alt=\"\" class=\"wp-image-100\" style=\"width:200px;height:auto\"\/><figcaption class=\"wp-element-caption\">Vereinigung der Angestellten der Stadtwerke Bielefeld<\/figcaption><\/figure>\n\n\n\n<figure class=\"wp-block-image size-large is-resized\"><img loading=\"lazy\" decoding=\"async\" width=\"110\" height=\"157\" data-id=\"101\" src=\"https:\/\/wirsingverein.de\/wp-content\/uploads\/2026\/08\/wimpel-wv-1_4.jpg\" alt=\"\" class=\"wp-image-101\" style=\"width:200px;height:auto\"\/><figcaption class=\"wp-element-caption\">Wirsingverein<\/figcaption><\/figure>\n<\/figure>\n\n\n\n<div class=\"wp-block-media-text is-stacked-on-mobile\"><figure class=\"wp-block-media-text__media\"><img loading=\"lazy\" decoding=\"async\" width=\"325\" height=\"505\" src=\"https:\/\/wirsingverein.de\/wp-content\/uploads\/2026\/08\/kladderadatsch.jpg\" alt=\"\" class=\"wp-image-102 size-full\" srcset=\"https:\/\/wirsingverein.de\/wp-content\/uploads\/2026\/08\/kladderadatsch.jpg 325w, https:\/\/wirsingverein.de\/wp-content\/uploads\/2026\/08\/kladderadatsch-193x300.jpg 193w\" sizes=\"auto, (max-width: 325px) 100vw, 325px\" \/><\/figure><div class=\"wp-block-media-text__content\">\n<p class=\"wp-block-paragraph\">Der Verein wurde am 13. November 1919 gegr\u00fcndet.<\/p>\n\n\n\n<p class=\"wp-block-paragraph\">Ein kleiner Seitenblick in die Deutsche Geschichte zeigt, dass im November 1918 mit dem Ende des 1. Weltkrieg das Deutsche Reich aufgel\u00f6st wurde. Es brachen zun\u00e4chst einmal sehr unruhige und unsichere Zeiten an.<\/p>\n<\/div><\/div>\n\n\n\n<blockquote class=\"wp-block-quote is-layout-flow wp-block-quote-is-layout-flow\">\n<p class=\"wp-block-paragraph\">&nbsp;&nbsp;&#8222;G\u00f6nn Dir was, auch wenn Du in Not bist.<\/p>\n\n\n\n<p class=\"wp-block-paragraph\">&nbsp;&nbsp;&nbsp;&nbsp;&nbsp;&nbsp;&nbsp;&nbsp;Was hast Du vom Leben, wenn Du erst tot ist&#8220;<\/p>\n\n\n\n<p class=\"wp-block-paragraph\">Mit diesem Spruch wurde 1924 zu einem Herrenabend in den R\u00e4umen des &#8222;L\u00f6wenhofes&#8220; eingeladen.<\/p>\n\n\n\n<p class=\"wp-block-paragraph\">Die Stadtwerke hie\u00dfen damals &#8222;<strong>St\u00e4dtische Betriebsamt<\/strong>&#8220; und es gab noch Beamte.<\/p>\n<\/blockquote>\n\n\n\n<h2 class=\"wp-block-heading\">Der Name<\/h2>\n\n\n\n<p class=\"wp-block-paragraph\">Nach&nbsp;Gr\u00fcndung&nbsp;des Vereins wurden u.a. viele Wanderungen veranstaltet. Auf einer ausgelassenen Wanderung stellte man fest, dass der Verein noch kein Vereinszeichen hatte. Daraufhin kam &#8211; wer auch immer &#8211; auf die Idee, einfach vom Wirsingfeld am Wegesrand einen Kohlkopf auf seinen Wanderstock zu stecken und somit dem Verein das Zeichen und den Namen &#8222;Wirsingverein&#8220; zu geben.<\/p>\n","protected":false},"excerpt":{"rendered":"<p>Der Verein wurde am 13. November 1919 gegr\u00fcndet. Ein kleiner Seitenblick in die Deutsche Geschichte zeigt, dass im November 1918 mit dem Ende des 1. Weltkrieg das Deutsche Reich aufgel\u00f6st wurde. Es brachen zun\u00e4chst einmal sehr unruhige und unsichere Zeiten an. &nbsp;&nbsp;&#8222;G\u00f6nn Dir was, auch wenn Du in Not bist. &nbsp;&nbsp;&nbsp;&nbsp;&nbsp;&nbsp;&nbsp;&nbsp;Was hast Du vom Leben, [&hellip;]<\/p>\n","protected":false},"author":1,"featured_media":0,"parent":0,"menu_order":0,"comment_status":"closed","ping_status":"closed","template":"","meta":{"footnotes":""},"class_list":["post-135","page","type-page","status-publish","hentry"],"_links":{"self":[{"href":"https:\/\/wirsingverein.de\/index.php?rest_route=\/wp\/v2\/pages\/135","targetHints":{"allow":["GET"]}}],"collection":[{"href":"https:\/\/wirsingverein.de\/index.php?rest_route=\/wp\/v2\/pages"}],"about":[{"href":"https:\/\/wirsingverein.de\/index.php?rest_route=\/wp\/v2\/types\/page"}],"author":[{"embeddable":true,"href":"https:\/\/wirsingverein.de\/index.php?rest_route=\/wp\/v2\/users\/1"}],"replies":[{"embeddable":true,"href":"https:\/\/wirsingverein.de\/index.php?rest_route=%2Fwp%2Fv2%2Fcomments&post=135"}],"version-history":[{"count":3,"href":"https:\/\/wirsingverein.de\/index.php?rest_route=\/wp\/v2\/pages\/135\/revisions"}],"predecessor-version":[{"id":139,"href":"https:\/\/wirsingverein.de\/index.php?rest_route=\/wp\/v2\/pages\/135\/revisions\/139"}],"wp:attachment":[{"href":"https:\/\/wirsingverein.de\/index.php?rest_route=%2Fwp%2Fv2%2Fmedia&parent=135"}],"curies":[{"name":"wp","href":"https:\/\/api.w.org\/{rel}","templated":true}]}}

<figure class="wp-block-gallery has-nested-images columns-default is-cropped wp-block-gallery-1 is-layout-flex wp-block-gallery-is-layout-flex">
<figure class="wp-block-image size-large is-resized"><img loading="lazy" decoding="async" width="110" height="157" data-id="98" src="https://wirsingverein.de/wp-content/uploads/2026/08/wimpel-wv-2_3.jpg" alt="" class="wp-image-98" style="width:200px;height:auto"/><figcaption class="wp-element-caption">Vereinigung der Beamten und Angestellten der Stadtwerke Bielefeld</figcaption></figure>



<figure class="wp-block-image size-large is-resized"><img loading="lazy" decoding="async" width="110" height="157" data-id="100" src="https://wirsingverein.de/wp-content/uploads/2026/08/wimpel-wv-3_1.jpg" alt="" class="wp-image-100" style="width:200px;height:auto"/><figcaption class="wp-element-caption">Vereinigung der Angestellten der Stadtwerke Bielefeld</figcaption></figure>



<figure class="wp-block-image size-large is-resized"><img loading="lazy" decoding="async" width="110" height="157" data-id="101" src="https://wirsingverein.de/wp-content/uploads/2026/08/wimpel-wv-1_4.jpg" alt="" class="wp-image-101" style="width:200px;height:auto"/><figcaption class="wp-element-caption">Wirsingverein</figcaption></figure>
</figure>



<div class="wp-block-media-text is-stacked-on-mobile"><figure class="wp-block-media-text__media"><img loading="lazy" decoding="async" width="325" height="505" src="https://wirsingverein.de/wp-content/uploads/2026/08/kladderadatsch.jpg" alt="" class="wp-image-102 size-full" srcset="https://wirsingverein.de/wp-content/uploads/2026/08/kladderadatsch.jpg 325w, https://wirsingverein.de/wp-content/uploads/2026/08/kladderadatsch-193x300.jpg 193w" sizes="auto, (max-width: 325px) 100vw, 325px" /></figure><div class="wp-block-media-text__content">
<p class="wp-block-paragraph">Der Verein wurde am 13. November 1919 gegründet.</p>



<p class="wp-block-paragraph">Ein kleiner Seitenblick in die Deutsche Geschichte zeigt, dass im November 1918 mit dem Ende des 1. Weltkrieg das Deutsche Reich aufgelöst wurde. Es brachen zunächst einmal sehr unruhige und unsichere Zeiten an.</p>
</div></div>



<blockquote class="wp-block-quote is-layout-flow wp-block-quote-is-layout-flow">
<p class="wp-block-paragraph">&nbsp;&nbsp;&#8222;Gönn Dir was, auch wenn Du in Not bist.</p>



<p class="wp-block-paragraph">&nbsp;&nbsp;&nbsp;&nbsp;&nbsp;&nbsp;&nbsp;&nbsp;Was hast Du vom Leben, wenn Du erst tot ist&#8220;</p>



<p class="wp-block-paragraph">Mit diesem Spruch wurde 1924 zu einem Herrenabend in den Räumen des &#8222;Löwenhofes&#8220; eingeladen.</p>



<p class="wp-block-paragraph">Die Stadtwerke hießen damals &#8222;<strong>Städtische Betriebsamt</strong>&#8220; und es gab noch Beamte.</p>
</blockquote>



<h2 class="wp-block-heading">Der Name</h2>



<p class="wp-block-paragraph">Nach&nbsp;Gründung&nbsp;des Vereins wurden u.a. viele Wanderungen veranstaltet. Auf einer ausgelassenen Wanderung stellte man fest, dass der Verein noch kein Vereinszeichen hatte. Daraufhin kam &#8211; wer auch immer &#8211; auf die Idee, einfach vom Wirsingfeld am Wegesrand einen Kohlkopf auf seinen Wanderstock zu stecken und somit dem Verein das Zeichen und den Namen &#8222;Wirsingverein&#8220; zu geben.</p>

<p>Der Verein wurde am 13. November 1919 gegründet. Ein kleiner Seitenblick in die Deutsche Geschichte zeigt, dass im November 1918 mit dem Ende des 1. Weltkrieg das Deutsche Reich aufgelöst wurde. Es brachen zunächst einmal sehr unruhige und unsichere Zeiten an. &nbsp;&nbsp;&#8222;Gönn Dir was, auch wenn Du in Not bist. &nbsp;&nbsp;&nbsp;&nbsp;&nbsp;&nbsp;&nbsp;&nbsp;Was hast Du vom Leben, [&hellip;]</p>
